{"id":43,"date":"2015-06-26T08:50:14","date_gmt":"2015-06-26T08:50:14","guid":{"rendered":"http:\/\/www.tsg-postmuenster.de\/tsg\/?page_id=43"},"modified":"2026-03-30T10:52:49","modified_gmt":"2026-03-30T10:52:49","slug":"home","status":"publish","type":"page","link":"https:\/\/www.tsg-postmuenster.de\/tsg\/","title":{"rendered":"Home"},"content":{"rendered":"\n<div style=\"height:50px\" aria-hidden=\"true\" class=\"wp-block-spacer\"><\/div>\n\n\n<div class=\"wp-block-image\">\n<figure class=\"aligncenter size-large is-resized\"><img loading=\"lazy\" decoding=\"async\" width=\"1024\" height=\"768\" src=\"https:\/\/www.tsg-postmuenster.de\/tsg\/wp-content\/uploads\/Vorstand-2026-Verein-1024x768.jpeg\" alt=\"\" class=\"wp-image-675\" style=\"width:644px;height:auto\" srcset=\"https:\/\/www.tsg-postmuenster.de\/tsg\/wp-content\/uploads\/Vorstand-2026-Verein-1024x768.jpeg 1024w, https:\/\/www.tsg-postmuenster.de\/tsg\/wp-content\/uploads\/Vorstand-2026-Verein-300x225.jpeg 300w, https:\/\/www.tsg-postmuenster.de\/tsg\/wp-content\/uploads\/Vorstand-2026-Verein-768x576.jpeg 768w, https:\/\/www.tsg-postmuenster.de\/tsg\/wp-content\/uploads\/Vorstand-2026-Verein.jpeg 1200w\" sizes=\"auto, (max-width: 1024px) 100vw, 1024px\" \/><figcaption class=\"wp-element-caption\">Die Vorstandschaft des TSG Postm\u00fcnter<\/figcaption><\/figure><\/div>\n\n\n<div style=\"height:50px\" aria-hidden=\"true\" class=\"wp-block-spacer\"><\/div>\n\n\n\n<figure class=\"wp-block-table is-style-regular\"><table class=\"has-fixed-layout\"><tbody><tr><td class=\"has-text-align-right\" data-align=\"right\"><strong>1. Vorstand<\/strong><\/td><td>Hugo Grashuber <\/td><\/tr><tr><td class=\"has-text-align-right\" data-align=\"right\"><strong>2. Vorstand<\/strong><\/td><td>Franz Pr\u00e4hofer<\/td><\/tr><tr><td class=\"has-text-align-right\" data-align=\"right\"><\/td><td><\/td><\/tr><tr><td class=\"has-text-align-right\" data-align=\"right\"><strong>1. Schriftf\u00fchrerin<\/strong><\/td><td>Tina Platz<\/td><\/tr><tr><td class=\"has-text-align-right\" data-align=\"right\"><strong>Administrator<\/strong><\/td><td>Sebastian Seiler <\/td><\/tr><tr><td class=\"has-text-align-right\" data-align=\"right\"><strong>Kassier<\/strong><\/td><td>Beatrix Burner <\/td><\/tr><tr><td class=\"has-text-align-right\" data-align=\"right\"><strong>Jugendleiter<\/strong><\/td><td>Bernhard Wagner <\/td><\/tr><tr><td class=\"has-text-align-right\" data-align=\"right\"><strong>stv. Jugendleiter<\/strong><\/td><td>Simon K\u00fchbeck <\/td><\/tr><tr><td class=\"has-text-align-right\" data-align=\"right\">im Bild vorne links<\/td><td>2. B\u00fcrgermeister Hans Kaisersberger<\/td><\/tr><\/tbody><\/table><\/figure>\n\n\n\n<div style=\"height:40px\" aria-hidden=\"true\" class=\"wp-block-spacer\"><\/div>\n\n\n\n<p class=\"has-text-align-center\"><strong>TSG Postm\u00fcnster e.V.<\/strong><br><a rel=\"noreferrer noopener\" href=\"https:\/\/goo.gl\/maps\/DiHov5CdpmQMAqQdA\" target=\"_blank\">Beckenrandstra\u00dfe 4, 84389 Postm\u00fcnster<\/a><\/p>\n\n\n\n<div style=\"height:40px\" aria-hidden=\"true\" class=\"wp-block-spacer\"><\/div>\n\n\n\n<p class=\"has-text-align-center\"><strong>Kontakt Vorstandschaft<\/strong><br>TSG Postm\u00fcnster, Ludwig-Edmaier-Stra\u00dfe 7, 84389 Postm\u00fcnster<br><a href=\"mailto:info.tsgpostmuenster@gmail.com\">info.tsgpostmuenster@gmail.com<\/a><\/p>\n\n\n\n<div style=\"height:40px\" aria-hidden=\"true\" class=\"wp-block-spacer\"><\/div>\n\n\n\n<div data-wp-interactive=\"core\/file\" class=\"wp-block-file\"><object data-wp-bind--hidden=\"!state.hasPdfPreview\" hidden class=\"wp-block-file__embed\" data=\"https:\/\/www.tsg-postmuenster.de\/tsg\/wp-content\/uploads\/N23-3888-NKI_Schild-Foerderkennzeichen.pdf\" type=\"application\/pdf\" style=\"width:100%;height:720px\" aria-label=\"Einbettung von N23-3888-NKI_Schild-Foerderkennzeichen.\"><\/object><a id=\"wp-block-file--media-fd2ccc41-492e-4815-8445-e4a3461e92e6\" href=\"https:\/\/www.tsg-postmuenster.de\/tsg\/wp-content\/uploads\/N23-3888-NKI_Schild-Foerderkennzeichen.pdf\" target=\"_blank\" rel=\"noreferrer noopener\">N23-3888-NKI_Schild-Foerderkennzeichen<\/a><\/div>\n","protected":false},"excerpt":{"rendered":"<p>1. Vorstand Hugo Grashuber 2. Vorstand Franz Pr\u00e4hofer 1. Schriftf\u00fchrerin Tina Platz Administrator Sebastian Seiler Kassier Beatrix Burner Jugendleiter Bernhard Wagner stv. Jugendleiter Simon K\u00fchbeck im Bild vorne links 2. B\u00fcrgermeister Hans Kaisersberger TSG Postm\u00fcnster e.V.Beckenrandstra\u00dfe 4, 84389 Postm\u00fcnster Kontakt VorstandschaftTSG Postm\u00fcnster, Ludwig-Edmaier-Stra\u00dfe 7, 84389 Postm\u00fcnsterinfo.tsgpostmuenster@gmail.com<\/p>\n","protected":false},"author":2,"featured_media":0,"parent":0,"menu_order":0,"comment_status":"open","ping_status":"open","template":"","meta":{"footnotes":""},"class_list":["post-43","page","type-page","status-publish","hentry"],"_links":{"self":[{"href":"https:\/\/www.tsg-postmuenster.de\/tsg\/wp-json\/wp\/v2\/pages\/43","targetHints":{"allow":["GET"]}}],"collection":[{"href":"https:\/\/www.tsg-postmuenster.de\/tsg\/wp-json\/wp\/v2\/pages"}],"about":[{"href":"https:\/\/www.tsg-postmuenster.de\/tsg\/wp-json\/wp\/v2\/types\/page"}],"author":[{"embeddable":true,"href":"https:\/\/www.tsg-postmuenster.de\/tsg\/wp-json\/wp\/v2\/users\/2"}],"replies":[{"embeddable":true,"href":"https:\/\/www.tsg-postmuenster.de\/tsg\/wp-json\/wp\/v2\/comments?post=43"}],"version-history":[{"count":47,"href":"https:\/\/www.tsg-postmuenster.de\/tsg\/wp-json\/wp\/v2\/pages\/43\/revisions"}],"predecessor-version":[{"id":707,"href":"https:\/\/www.tsg-postmuenster.de\/tsg\/wp-json\/wp\/v2\/pages\/43\/revisions\/707"}],"wp:attachment":[{"href":"https:\/\/www.tsg-postmuenster.de\/tsg\/wp-json\/wp\/v2\/media?parent=43"}],"curies":[{"name":"wp","href":"https:\/\/api.w.org\/{rel}","templated":true}]}}